mposite number?
False
Is 73445287 a composite number?
True
Is 3305329 prime?
True
Is 5336117 composite?
False
Is 10115149 a composite number?
True
Is 2541001 composite?
False
Is 13765681 composite?
True
Is 4335321 prime?
False
Is 2579761 a prime number?
False
Is 46933043 composite?
False
Is 32481677 composite?
True
Is 25283689 a composite number?
False
Is 63812977 composite?
False
Is 2826146417 composite?
False
Is 7761319 composite?
True
Is 1718989 a composite number?
True
Is 5934881 a composite number?
False
Is 6492703 a composite number?
True
Is 171485 a composite number?
True
Is 209402341 a prime number?
False
Is 6561651 a composite number?
True
Is 1411099 composite?
False
Is 1504487 a prime number?
True
Is 62742799 a prime number?
False
Is 848173 a prime number?
True
Is 28620211 composite?
True
Is 728281 composite?
False
Is 47996623 composite?
True
Is 131855153 prime?
True
Is 47146863 prime?
False
Is 2649109 a prime number?
True
Is 59998207 prime?
True
Is 39738806 prime?
False
Is 303087619 a prime number?
True
Is 145881647 a prime number?
False
Is 4001749 prime?
False
Is 62867843 a composite number?
True
Is 4060733 composite?
True
Is 1231171 a prime number?
True
Is 1581829 composite?
False
Is 12373019 a prime number?
True
Is 21688673 a prime number?
False
Is 51235463 composite?
False
Is 719887 prime?
False
Is 263251657 prime?
True
Is 17007 a prime number?
False
Is 59014861 a composite number?
True
Is 4314769 composite?
False
Is 9437999 a composite number?
False
Is 20997181 composite?
False
Is 9080717 a prime number?
True
Is 11862083 composite?
False
Is 294893603 composite?
True
Is 50679217 composite?
False
Is 3706511 prime?
False
Is 14513523 a composite number?
True
Is 13141385 composite?
True
Is 89856853 a composite number?
False
Is 24457613 a composite number?
True
Is 4439389 a prime number?
True
Is 1420429 prime?
True
Is 422710493 composite?
True
Is 57456473 prime?
True
Is 48516751 prime?
True
Is 63721031 prime?
False
Is 6086047 a composite number?
True
Is 766391 a prime number?
False
Is 23246309 composite?
False
Is 8532889 a composite number?
False
Is 463093 prime?
True
Is 5026157 a prime number?
True
Is 96740191 a prime number?
False
Is 3392377 prime?
False
Is 1414535 prime?
False
Is 127754177 a prime number?
True
Is 41564603 composite?
True
Is 4404529 composite?
True
Is 25367027 a prime number?
False
Is 10521859 a prime number?
True
Is 80601491 composite?
False
Is 266077969 a composite number?
False
Is 228998339 a prime number?
True
Is 3093619 a prime number?
False
Is 559591 composite?
False
Is 67341487 a composite number?
False
Is 151826341 composite?
True
Is 109995881 prime?
True
Is 44237891 a composite number?
True
Is 63012219 composite?
True
Is 62631251 prime?
False
Is 43376149 prime?
True
Is 34381409 a prime number?
False
Is 29430155 a composite number?
True
Is 93785033 a composite number?
False
Is 16360345 a prime number?
False
Is 4091509 a prime number?
False
Is 61207001 a prime number?
True
Is 39736133 composite?
False
Is 38584001 a composite number?
True
Is 32255593 a composite number?
True
Is 387137 a composite number?
False
Is 18503003 a composite number?
False
Is 214104149 composite?
True
Is 25888073 a prime number?
True
Is 4843871 composite?
True
Is 1982815 composite?
True
Is 302859769 prime?
True
Is 18609421 a prime number?
True
Is 16581601 prime?
True
Is 518291 a composite number?
False
Is 649981 a prime number?
True
Is 55373519 composite?
False
Is 13745177 a composite number?
False
Is 29276743 composite?
True
Is 227659933 a composite number?
False
Is 35920873 prime?
False
Is 250826647 composite?
False
Is 8203187 a prime number?
True
Is 18485774 a prime number?
False
Is 225306179 a prime number?
False
Is 52194481 prime?
True
Is 331087 prime?
False
Is 315607 prime?
False
Is 1202057 composite?
False
Is 4899733 prime?
True
Is 25159169 a composite number?
True
Is 4166363 a prime number?
True
Is 29438473 a prime number?
False
Is 14987017 a composite number?
True
Is 100926295 a composite number?
True
Is 2721995 composite?
True
Is 3149309 a prime number?
True
Is 20466037 a composite number?
True
Is 20478389 prime?
False
Is 25865201 a prime number?
False
Is 5474647 prime?
True
Is 27546241 a prime number?
False
Is 1112759 a composite number?
True
Is 243655 a prime number?
False
Is 15411113 prime?
False
Is 151520891 a prime number?
True
Is 14169571 a composite number?
True
Is 85425787 composite?
False
Is 994453 composite?
False
Is 21411043 a prime number?
False
Is 42261713 a prime number?
False
Is 15708869 composite?
True
Is 6305483 composite?
True
Is 21676997 a composite number?
True
Is 234024221 a prime number?
False
Is 204186869 a composite number?
False
Is 18962563 composite?
True
Is 64213619 a prime number?
False
Is 80386837 composite?
True
Is 762981953 prime?
True
Is 4613701 composite?
False
Is 192497 composite?
False
Is 5078305 a prime number?
False
Is 10253149 a prime number?
True
Is 1350659 composite?
True
Is 30275695 prime?
False
Is 21373981 prime?
False
Is 8571271 a prime number?
True
Is 34513273 a composite number?
True
Is 143472733 prime?
True
Is 292517 prime?
True
Is 6019817 composite?
False
Is 2266283 a prime number?
True
Is 123916577 a prime number?
True
Is 6943223 a prime number?
False
Is 555224473 prime?
False
Is 9495413 a prime number?
False
Is 44373799 a composite number?
True
Is 62686329 a composite number?
True
Is 593641883 composite?
False
Is 41721299 a prime number?
False
Is 3909593 composite?
False
Is 1844411 a prime number?
True
Is 154839733 composite?
False
Is 1749907 prime?
False
Is 64625039 a prime number?
False
Is 95732609 a composite number?
True
Is 5819026 a prime number?
False
Is 72849445 a prime number?
False
Is 7653157 composite?
False
Is 17117647 a composite number?
False
Is 70384361 a composite number?
True
Is 125833 composite?
True
Is 12635137 a composite number?
False
Is 3176227 composite?
True
Is 13668167 composite?
False
Is 10972223 prime?
False
Is 31340913 a composite number?
True
Is 601231 a composite number?
False
Is 316554103 prime?
False
Is 2436263 a prime number?
False
Is 656548301 composite?
False
Is 42829469 prime?
True
Is 3267541 prime?
False
Is 293597081 composite?
False
Is 2403031 a prime number?
False
Is 23394939 prime?
False
Is 29384711 a composite number?
False
Is 148890507 a prime number?
False
Is 858691 prime?
True
Is 1866827 a composite number?
False
Is 45773833 composite?
True
Is 19892413 a composite number?
True
Is 50912997 prime?
False
Is 17690531 prime?
True
Is 4324211 prime?
True
Is 1590839 prime?
False
Is 1925171 a prime number?
True
Is 146561 prime?
False
Is 44495753 a composite number?
False
Is 38377717 a prime number?
False
Is 1012031 composite?
False
Is 4760003 composite?
False
Is 4072361 composite?
True
Is 13885997 composite?
True
Is 611683 a composite number?
True
Is 5176447 prime?
False
Is 803841505 composite?
True
Is 2904403 prime?
True
Is 5125807 a prime number?
True
Is 163753 composite?
False
Is 28201 a composite number?
False
Is 2336707 prime?
True
Is 3733771 composite?
False
Is 199017779 a composite number?
False
Is 2797439 prime?
True
Is 9425671 a prime number?
False
Is 3468913 prime?
False
Is 1231472357 prime?
True
Is 100599391 a prime number?
True
Is 32030263 composite?
False
Is 8930343 composite?
True
Is 321007 a composite number?
False
Is 8339719 prime?
False
Is 1693651 composite?
True
Is 3536563 prime?
True
Is 37343447 a prime number?
True
Is 2026697 a composite number?
False
Is 38088773 composite?
True
Is 5985867 a prime number?
False
Is 3914377 composite?
False
Is 5345179 a prime number?
False
Is 695274017 composite?
False
Is 10808762 prime?
False
Is 31919 a prime number?
False
Is 13350629 a composite number?
True
Is 1232527 prime?
True
Is 653539253 composite?
False
Is 10220647 a prime number?
True
Is 68094721 a prime number?
True
Is 559049 a prime number?
True
Is 66954521 composite?
True
Is 50995198 prime?
False
Is 1094623 prime?
True
Is 425104279 a composite number?
False
Is 2913581 composite?
True
Is 1804735 composite?
True
Is 4201347 composite?
True
Is 5669143 a prime number?
False
Is 310728317 a prime number?
True
Is 5051933 a prime number?
False
Is 16010197 a prime number?
False
Is 432458893 composite?
False
Is 23351941 composite?
Fals